 Let p be s(-4). Suppose -3*a = 3 - 12. Let f(v) = 2 - 2 - 3 + p*v**2 + v**a. Calculate f(-5).
-3
Let b(f) = 5*f**3 - 5*f**2 - 10*f - 9. Let y(w) = -w**3 + w + 1. Let s(k) = -b(k) - 6*y(k). What is s(-3)?
9
Let m = 3 - 1. Suppose -m*w - 11 = -7. Let j(g) = -3 - g**3 - 2*g**2 + 2 - g - g**2. Give j(w).
-3
Let c(p) = p**2 - 2*p + 1. Let l be (-3 - -4) + (-6)/(-2). Suppose -75 = -9*o + l*o. Let f be (8/10)/(6/o). Give c(f).
1
Let q(p) = -p - 7. Let j(b) = 0*b + 3*b - 2*b + 2. Let t = -4 - 1. Let d be j(t). What is q(d)?
-4
Let c(m) = m**2 - 2*m - 2. Let w(k) = 1. Let x(i) = c(i) + w(i). Let g(u) = u**3 + 10*u**2 + 8*u + 1. Let b be g(-8). Let s be (-10)/b - 48/26. Give x(s).
7
Let s(t) = t - 1. Let v be 6/(-10) + 187/(-55). Determine s(v).
-5
Let c = -20 - -18. Let p(k) = k**2 + 2*k. Give p(c).
0
Suppose 0 = 3*x + 5*l + 25, 0*l + 5 = -4*x - l. Suppose -t + s = 2*s - 4, x = -5*t + s + 38. Let c(a) = a**3 - 6*a**2 - 6*a + 3. Calculate c(t).
10
Let b(g) = 7*g**3 - g**2 - g. Suppose -2*i - 2*i = 0. Let t(h) = h**3 - h - 1. Let o be t(i). What is b(o)?
-7
Let c be ((-1)/2)/(1/(-4)). Let y(t) = -1. Let q(j) be the second derivative of j**3/6 + 3*j**2/2 + 8*j. Let x(w) = -q(w) - 4*y(w). What is x(c)?
-1
Let b(p) = p**2 - p. Let u(s) = -s**2 + 6*s - 4. Let a(j) = 2*b(j) + u(j). What is a(-5)?
1
Let t(w) = -14*w - 1. Let d(r) = 5*r. Let a(p) = 11*d(p) + 4*t(p). Let v be a(-2). Let c(q) = -6*q - 2. Give c(v).
10
Let j(o) = -3 + o**2 - 52*o + 23*o + 28*o. Give j(5).
17
Let c(d) = -2*d**2 + d. Let s be c(1). Let k(n) be the second derivative of 0 + 3*n + 1/3*n**3 + 1/2*n**2. Give k(s).
-1
Let k(h) = -3*h - 3. Let d(f) = f**2 + 6*f + 5. Let y be d(-4). What is k(y)?
6
Let i = 7 + -7. Suppose 4*n = -i*n + 12. Let p(l) = 4*l**3 - l - 3. Let c(b) = -3*b**3 + b**2 + 3. Let r(j) = -3*c(j) - 2*p(j). Determine r(n).
3
Let p(a) be the third derivative of -a**5/10 + a**4/6 - a**3/2 + 2*a**2 - 10*a. What is p(2)?
-19
Let q be (-23)/4 + (-3)/12*1. Let a(n) = 3*n + 6. Calculate a(q).
-12
Suppose -6*g = -3 - 117. Let r = g + -14. Let n(x) = x**3 - 6*x**2 - x - 2. Give n(r).
-8
Let x(l) be the third derivative of -l**4/8 - l**3/6 - 7*l**2. Give x(-1).
2
Suppose 4*y = -3*x - 4, -3*x - 16 = -3*y + y. Suppose 0 = y*k + 5 + 1. Let r(d) = 2*d**2 + 5*d + 3. Give r(k).
6
Let d(a) = a + 1. Let v(c) = c + 2. Let j be v(0). Suppose 0 = -3*i + 4*i - j. Suppose -t - i*t = 0. Determine d(t).
1
Let y be -1 - (-1 + (-5 - -2)). Let u(f) = -f - 3. Let t be u(-5). Let m(v) = 0*v**t + 0 + v**2 - 2*v - 1 + 3. Determine m(y).
5
Let r(n) be the first derivative of -3*n**3 - n - 1 + 1/2*n**2. Calculate r(1).
-9
Let f(j) = j**2 + j + 2. Let r(c) = c**2 + 2*c + 1. Let h(k) = -2*f(k) + 3*r(k). What is h(3)?
20
Let z(a) = 7*a - 9*a - 2 + 3*a. Give z(-6).
-8
Let s(u) = -u**2 - 2*u - 49 + 49. Suppose -2*n + n = 4. Calculate s(n).
-8
Let p = 3 + -1. Let s(z) = -4*z**3 + 4*z**2 + 7*z + 3. Let a(x) = -x**3 + x**2 + 2*x + 1. Let t(r) = -7*a(r) + 2*s(r). What is t(p)?
-5
Let r(c) = c**2 + c. Suppose 10 = 8*t - 3*t. Let s(f) = 2*f + 1. Let g be s(t). Let j be 2 + g/2*-2. What is r(j)?
6
Let j(b) = b**2 - 4*b + 3. Let x(v) = -v - 3. Let q be x(-8). Suppose 0 = q*l - l + t - 11, -4*t = 3*l - 18. Give j(l).
-1
Let c(u) = 3*u**3 + u**2 + u + 1. Let y(t) = -t**2 + 6*t + 2. Let h be y(5). Let q = h - 8. Give c(q).
-2
Let q(l) = l - l + l + l**3 - 4 - 5*l**2. Let r(m) = 3*m - 7. Suppose 0 = -3*h + 3*w + 12, -h - w + 4 = -0. Let a be r(h). Give q(a).
1
Suppose 10*x = 8*x + 22. Let s = 9 - x. Let q(z) = 0 - z**3 + 2*z + 2 - z - 2*z**2. Give q(s).
0
Let o = -15 + 21. Let g(v) = v**2 - 5*v - 1. Determine g(o).
5
Let m(i) = -7*i**3 + 6*i**2 - 6*i - 4. Let o(y) = 3*y**3 - 3*y**2 + 3*y + 2. Let w(u) = 2*m(u) + 5*o(u). Calculate w(3).
11
Let s(v) = 3*v**2 - 3 - v**2 - 1 + v**2 - v**3 + 6*v. Let q = 8 - 4. Give s(q).
4
Let p(x) be the first derivative of -4 + 5*x + 1/2*x**2. Determine p(-5).
0
Let u be (2/(-4) + 1)*-12. Let w = u - -7. Let s(k) = 0*k + 5*k - k - w - 1. What is s(-2)?
-10
Let o(u) = u**2 + 5*u + 6. Let i be o(-4). Let r(l) = -2*l**i + l**2 + 3*l + 1 - 6*l. Determine r(-3).
1
Let j(t) = 3 - 3 - 2*t + 5. Let p(h) = -h**2 + 7*h - 5. Let w be p(5). Determine j(w).
-5
Let z(t) = -t - 8. Suppose -i + 18 = 4*s, 4*i - 5 = -4*s + 7. Suppose -4 + 1 = 3*f + 5*m, -21 = f - s*m. Let x be z(f). Let l(q) = -q - 1. Determine l(x).
1
Let w(s) = s**2 + 2*s - s + 0*s**2. Let b = 0 - -9. Let l be 9/6*6/b. Determine w(l).
2
Let v(t) = -2*t**2 - t + 1. Suppose 40 = -0*r + 5*r + 3*p, -p = -2*r + 16. Suppose 3*m = 1 + r. Suppose w + 4 = f, m*f = 5 + 10. Determine v(w).
-2
Let w(q) = 24*q + 36. Let f(h) = h + 1. Let n(z) = 36*f(z) - w(z). Calculate n(-1).
-12
Let r(j) = 9*j - 4. Let v be r(1). Let q(b) = b**2 - 4*b - 6. What is q(v)?
-1
Suppose -4*f = 2*c - 22, -3*f - 5*c + 9 = -4. Let h(j) = j**3 - 5*j**2 - 4*j - 4. Determine h(f).
8
Let a(z) = 5 - 5*z**3 + 3*z**3 - 6*z + 0*z**3 + z**3 + 5*z**2. What is a(4)?
-3
Let c(s) = s + 5. Let n be c(-5). Let q = 54 + -36. Let o(z) = -2*z - 12 + z**2 - z**3 + q + 3*z. Determine o(n).
6
Let v(x) = 5*x. Let g(b) = b + 2. Let j be g(-5). Determine v(j).
-15
Let p be (-4 - 0)/((-1)/(-1)). Let f(s) = s**3 + 6*s**2 + 5*s - 4. Give f(p).
8
Let h(v) = v**2 + v + 6. Let p(t) = -t**2 - 10*t + 6. Let b be p(-11). Let g(j) = -3*j**2 - 2*j - 12. Let d(y) = b*h(y) - 2*g(y). Determine d(0).
-6
Let h(y) = -2*y**2 - 3*y - 1. Let s be h(3). Let d be s/(-6)*(-3)/(-2). Let u(x) = -4*x + 3*x + d*x. What is u(1)?
6
Suppose 2*s = -3*o - 13, 3*s - 6*s = o + 2. Let w(v) = 10*v**3 - v**2 + v. Determine w(s).
10
Let p(j) = 2*j**2 + 2*j - 1. Let t be p(-2). Let a(h) = h**3 - h**2. Let u(g) = 3*g**3 - g**2 - 3*g - 1. Let x(o) = 4*a(o) - u(o). Determine x(t).
10
Suppose -3*b - 2*b = -30. Let u = b - 4. Let o(t) = -t + 8 - 2 + u*t. Give o(-5).
1
Let i(d) be the second derivative of -d**5/20 + d**4/12 + d**2/2 - 2*d. Let t(y) = 6*y**3 - 4*y**2 - y - 4. Let g(a) = -5*i(a) - t(a). What is g(0)?
-1
Let g(o) be the first derivative of -o**4/4 + o**3 + 3*o**2/2 - o + 1. Let n be -1*(-13)/(39/9). What is g(n)?
8
Let z(u) = 2*u**2 + 4*u - 5. Let d(k) = -3*k**2 - 9*k + 11. Let j(w) = -4*d(w) - 9*z(w). What is j(1)?
-5
Let a(i) = -i**2 + 7*i - 6. Let s(q) = -2*q**3 + q**2 + q. Let f be s(-1). Suppose 0 = 3*y + f + 1. Let g be ((-2 - y) + 9)/2. Calculate a(g).
6
Let l(g) = -2*g**2 - 7*g + 4. Let w(u) = u**2 + 7*u - 3. Let n(p) = -2*l(p) - 3*w(p). Give n(7).
1
Suppose 2*o + 5 - 1 = 5*g, 5*g = o + 7. Let w(n) = -n**o - n**2 - 5 + n**2 - 6*n**2 + 7*n + 0. Determine w(-7).
-5
Suppose 2*i - 3 = -u - 1, 0 = 2*i - 4*u - 12. Let x(q) = 0*q**2 - 4*q**2 + 0*q**3 + q**3 - 2 - i*q**3 - 5*q. Calculate x(-3).
4
Let q be 42/(-4)*(-8)/12. Let u(c) = c**3 - 8*c**2 + 6*c + 6. Let a be u(q). Let h = a + 3. Let s(w) = -w**3 + 4*w - 3. Determine s(h).
-3
Let l be (-3 - -1)*(-9)/(-6). Let u = l + 3. Suppose u*a + 5 = 5*a. Let k(b) = -4*b**2 - b. Give k(a).
-5
Suppose 5*u + 6 = -3*t, 5*u + 2 = -t - 0. Let k(f) = -f**3 - 3*f**2 + 2. Let l be k(t). Let d(b) = -b**3 + b**3 - 4*b**2 + 1 - b**3 + b**2. Give d(l).
-3
Let b(w) = 2*w**2 + 5*w + 2. Let y(s) = -s**2 - 2*s - 1. Let n(m) = 6*b(m) + 13*y(m). Determine n(6).
-13
Let z(r) = r**2 - 8*r - 9. Let u be z(9). Suppose 0*m + 2*m - 8 = u. Suppose 3*a + 9 = -m*d, a + 12 = 5*d - 3*a. Let s(c) = c**3 + c**2 - 3. Give s(d).
-3
Let i(t) = t + 0*t + 5 - t**2 - 1. Let l be ((-4)/5)/(6/(-15)). Suppose -a = -4*v - 16, -l*a - 5*v - 20 = -a. Give i(a).
4
Let i(c) be the third derivative of -1/24*c**4 - 1/2*c**3 + 0 + 0*c + 5*c**2. What is i(-3)?
0
Let b(z) = -z**3. Let g = -4 + 7. Suppose 0 = 4*u - 2*k - 18, -k = -g*k - 2. Let s = -5 + u. Give b(s).
1
Let c(n) be the second derivative of -n**4/12 + n**3/3 - 2*n**2 - 3*n. Suppose o - 10 = -4*o. Suppose -3*p + 11 = o. What is c(p)?
-7
Let l = 3 + 1. Suppose -f + 1 = -l. Let r(z) = -6*z**3 - 3 + 3*z**2 - 2*z**2 + 4*z**2 + 5*z**3. Calculate r(f).
-3
Let w(m) be the third derivative of m**4/6 - m**3/2 - m**2. Let i = -95 + 97. What is w(i)?
5
Let f(h) = -h**2 - h - 5. Let q(z) = z**2 - 6*z - 2. Let i(w) = -2*w**2 + 12*w + 4. Let l(y) = -3*i(y) - 7*q(y). Let x be l(7). Let a = x - -5. Calculate f(a).
-5
Let r(w) = 9*w - 6*w - w**3 + 5*w**2 - 2*w**2 + 3*w - 6. Calculate r(